{"id":284,"date":"2023-01-15T15:58:21","date_gmt":"2023-01-15T14:58:21","guid":{"rendered":"https:\/\/studiopsicologiabarbarino.it\/?page_id=284"},"modified":"2023-01-21T17:51:23","modified_gmt":"2023-01-21T16:51:23","slug":"difficolta-relazionali","status":"publish","type":"page","link":"https:\/\/studiopsicologiabarbarino.it\/index.php\/difficolta-relazionali\/","title":{"rendered":"Difficolt\u00e0 relazionali"},"content":{"rendered":"<div data-colibri-id=\"284-c1\" class=\"style-325 style-local-284-c1 position-relative\">\n  <!---->\n  <div data-colibri-component=\"section\" data-colibri-id=\"284-c2\" id=\"content\" class=\"h-section h-section-global-spacing d-flex align-items-lg-center align-items-md-center align-items-center style-326 style-local-284-c2 position-relative\">\n    <!---->\n    <!---->\n    <div class=\"h-section-grid-container h-section-boxed-container\">\n      <!---->\n      <div data-colibri-id=\"284-c3\" class=\"h-row-container gutters-row-lg-2 gutters-row-md-2 gutters-row-2 gutters-row-v-lg-2 gutters-row-v-md-2 gutters-row-v-2 style-327 style-local-284-c3 position-relative\">\n        <!---->\n        <div class=\"h-row justify-content-lg-center justify-content-md-center justify-content-center align-items-lg-stretch align-items-md-stretch align-items-stretch gutters-col-lg-2 gutters-col-md-2 gutters-col-2 gutters-col-v-lg-2 gutters-col-v-md-2 gutters-col-v-2\">\n          <!---->\n          <div class=\"h-column h-column-container d-flex h-col-lg-auto h-col-md-auto h-col-auto style-328-outer style-local-284-c4-outer\">\n            <div data-colibri-id=\"284-c4\" class=\"d-flex h-flex-basis h-column__inner h-px-lg-0 h-px-md-2 h-px-0 v-inner-lg-0 v-inner-md-2 v-inner-0 style-328 style-local-284-c4 position-relative\">\n              <!---->\n              <!---->\n              <div class=\"w-100 h-y-container h-column__content h-column__v-align flex-basis-100 align-self-lg-center align-self-md-center align-self-center\">\n                <!---->\n                <div data-colibri-id=\"284-c5\" class=\"d-block style-329 style-local-284-c5 position-relative h-element\">\n                  <!---->\n                  <div class=\"h-image__frame-container-outer\">\n                    <div class=\"h-image__frame-container\">\n                      <!---->\n                      <!---->\n                      <img loading=\"lazy\" decoding=\"async\" width=\"1920\" height=\"1280\" src=\"https:\/\/studiopsicologiabarbarino.it\/wp-content\/uploads\/2023\/01\/relazioni.jpg\" class=\"wp-image-380 style-329-image style-local-284-c5-image\" alt=\"Difficolt\u00e0 relazionali\" \/>\n                      <div class=\"h-image__frame h-hide-sm style-329-frameImage style-local-284-c5-frameImage\"><\/div>\n                    <\/div>\n                  <\/div>\n                <\/div>\n              <\/div>\n            <\/div>\n          <\/div>\n          <div class=\"h-column h-column-container d-flex h-col-lg-auto h-col-md-auto h-col-auto style-330-outer style-local-284-c6-outer\">\n            <div data-colibri-id=\"284-c6\" class=\"d-flex h-flex-basis h-column__inner h-px-lg-0 h-px-md-0 h-px-2 v-inner-lg-0 v-inner-md-0 v-inner-2 style-330 style-local-284-c6 position-relative\">\n              <!---->\n              <!---->\n              <div class=\"w-100 h-y-container h-column__content h-column__v-align flex-basis-100 align-self-lg-center align-self-md-center align-self-center\">\n                <!---->\n                <div data-colibri-id=\"284-c7\" class=\"h-global-transition-all h-heading style-331 style-local-284-c7 position-relative h-element\">\n                  <!---->\n                  <div class=\"h-heading__outer style-331 style-local-284-c7\">\n                    <!---->\n                    <!---->\n                    <h3 class=\"\">Le difficolt\u00e0 relazionali<\/h3>\n                  <\/div>\n                <\/div>\n                <div data-colibri-id=\"284-c8\" class=\"h-text h-text-component style-332 style-local-284-c8 position-relative h-element\">\n                  <!---->\n                  <!---->\n                  <div class=\"\">\n                    <p>La relazione \u00e8 un aspetto fondamentale della nostra vita. Siamo animali sociali ed in quanto tali necessitiamo del contatto con l\u2019altro. Non \u00e8 sempre facile comunicare efficacemente e questo pu\u00f2 generare delle conflittualit\u00e0 legate\n                      ad aspettative irrealistiche, bisogni insoddisfatti e\/o confusione rispetto ad alcuni legami affettivi. Questo comporta una sofferenza che non \u00e8 solo comunicativa\/relazionale ma anche affettiva ed emotiva. Le modalit\u00e0 tramite cui\n                      questa sofferenza pu\u00f2 manifestarsi sono molteplici e diverse tra loro (apatia, scarsa autostima, rabbia\/aggressivit\u00e0, iperattivit\u00e0 etc.). Quando l\u2019 intensit\u00e0 e la durata di questo stato di sofferenza sono prolungate, pu\u00f2 essere compromessa\n                      la vita sociale, lavorativa (o scolastica se parliamo di et\u00e0 adolescenziale), famigliare. Per ripristinare uno stato di benessere e di soddisfazione per la propria vita relazionale, pu\u00f2 essere utile chiedere supporto ad un professionista.<\/p>\n                  <\/div>\n                <\/div>\n              <\/div>\n            <\/div>\n          <\/div>\n        <\/div>\n      <\/div>\n    <\/div>\n  <\/div>\n<\/div>","protected":false},"excerpt":{"rendered":"<p>Le difficolt\u00e0 relazionali La relazione \u00e8 un aspetto fondamentale della nostra vita. Siamo animali sociali ed in quanto tali necessitiamo del contatto con l\u2019altro. Non \u00e8 sempre facile comunicare efficacemente e questo pu\u00f2 generare delle conflittualit\u00e0 legate ad aspettative irrealistiche, bisogni insoddisfatti e\/o confusione rispetto ad alcuni legami affettivi. Questo comporta una sofferenza che non [&hellip;]<\/p>\n","protected":false},"author":1,"featured_media":0,"parent":0,"menu_order":0,"comment_status":"closed","ping_status":"closed","template":"page-templates\/full-width-page.php","meta":{"om_disable_all_campaigns":false,"_monsterinsights_skip_tracking":false,"_monsterinsights_sitenote_active":false,"_monsterinsights_sitenote_note":"","_monsterinsights_sitenote_category":0,"footnotes":""},"class_list":["post-284","page","type-page","status-publish","hentry"],"aioseo_notices":[],"_links":{"self":[{"href":"https:\/\/studiopsicologiabarbarino.it\/index.php\/wp-json\/wp\/v2\/pages\/284","targetHints":{"allow":["GET"]}}],"collection":[{"href":"https:\/\/studiopsicologiabarbarino.it\/index.php\/wp-json\/wp\/v2\/pages"}],"about":[{"href":"https:\/\/studiopsicologiabarbarino.it\/index.php\/wp-json\/wp\/v2\/types\/page"}],"author":[{"embeddable":true,"href":"https:\/\/studiopsicologiabarbarino.it\/index.php\/wp-json\/wp\/v2\/users\/1"}],"replies":[{"embeddable":true,"href":"https:\/\/studiopsicologiabarbarino.it\/index.php\/wp-json\/wp\/v2\/comments?post=284"}],"version-history":[{"count":4,"href":"https:\/\/studiopsicologiabarbarino.it\/index.php\/wp-json\/wp\/v2\/pages\/284\/revisions"}],"predecessor-version":[{"id":396,"href":"https:\/\/studiopsicologiabarbarino.it\/index.php\/wp-json\/wp\/v2\/pages\/284\/revisions\/396"}],"wp:attachment":[{"href":"https:\/\/studiopsicologiabarbarino.it\/index.php\/wp-json\/wp\/v2\/media?parent=284"}],"curies":[{"name":"wp","href":"https:\/\/api.w.org\/{rel}","templated":true}]}}