{"id":165,"date":"2023-01-15T15:28:53","date_gmt":"2023-01-15T14:28:53","guid":{"rendered":"https:\/\/studiopsicologiabarbarino.it\/?page_id=165"},"modified":"2023-01-21T17:52:18","modified_gmt":"2023-01-21T16:52:18","slug":"disagio-in-eta-adolescenziale","status":"publish","type":"page","link":"https:\/\/studiopsicologiabarbarino.it\/index.php\/disagio-in-eta-adolescenziale\/","title":{"rendered":"Disagio in et\u00e0 adolescenziale"},"content":{"rendered":"<div data-colibri-id=\"165-c1\" class=\"style-286 style-local-165-c1 position-relative\">\n  <!---->\n  <div data-colibri-component=\"section\" data-colibri-id=\"165-c2\" id=\"about\" class=\"h-section h-section-global-spacing d-flex align-items-lg-center align-items-md-center align-items-center style-287 style-local-165-c2 position-relative\">\n    <!---->\n    <!---->\n    <div class=\"h-section-grid-container h-section-boxed-container\">\n      <!---->\n      <div data-colibri-id=\"165-c3\" class=\"h-row-container gutters-row-lg-0 gutters-row-md-0 gutters-row-0 gutters-row-v-lg-0 gutters-row-v-md-0 gutters-row-v-0 style-288 style-local-165-c3 position-relative\">\n        <!---->\n        <div class=\"h-row justify-content-lg-center justify-content-md-center justify-content-center align-items-lg-stretch align-items-md-stretch align-items-stretch gutters-col-lg-0 gutters-col-md-0 gutters-col-0 gutters-col-v-lg-0 gutters-col-v-md-0 gutters-col-v-0\">\n          <!---->\n          <div class=\"h-column h-column-container d-flex h-col-lg-auto h-col-md-auto h-col-auto style-289-outer style-local-165-c4-outer\">\n            <div data-colibri-id=\"165-c4\" class=\"d-flex h-flex-basis h-column__inner h-ui-empty-state-container h-px-lg-0 h-px-md-0 h-px-0 v-inner-lg-0 v-inner-md-0 v-inner-0 style-289 style-local-165-c4 position-relative\">\n              <!---->\n              <!---->\n              <div class=\"w-100 h-y-container h-column__content h-column__v-align flex-basis-100\">\n                <!---->\n              <\/div>\n            <\/div>\n          <\/div>\n          <div class=\"h-column h-column-container d-flex h-col-lg-auto h-col-md-auto h-col-auto style-290-outer style-local-165-c5-outer\">\n            <div data-colibri-id=\"165-c5\" class=\"d-flex h-flex-basis h-column__inner h-px-lg-2 h-px-md-2 h-px-2 v-inner-lg-2 v-inner-md-2 v-inner-2 style-290 style-local-165-c5 position-relative\">\n              <!---->\n              <!---->\n              <div class=\"w-100 h-y-container h-column__content h-column__v-align flex-basis-100 align-self-lg-start align-self-md-start align-self-start\">\n                <!---->\n                <div data-colibri-id=\"165-c6\" class=\"h-global-transition-all h-heading style-291 style-local-165-c6 position-relative h-element\">\n                  <!---->\n                  <div class=\"h-heading__outer style-291 style-local-165-c6\">\n                    <!---->\n                    <!---->\n                    <h5 class=\"\">Dott.ssa Ilaria Barbarino<\/h5>\n                  <\/div>\n                <\/div>\n                <div data-colibri-id=\"165-c7\" class=\"h-global-transition-all h-heading style-292 style-local-165-c7 position-relative h-element\">\n                  <!---->\n                  <div class=\"h-heading__outer style-292 style-local-165-c7\">\n                    <!---->\n                    <!---->\n                    <h2 class=\"\">Il&nbsp;disagio in et\u00e0 adolescenziale<\/h2>\n                  <\/div>\n                <\/div>\n                <div data-colibri-id=\"165-c8\" class=\"h-text h-text-component style-293 style-local-165-c8 position-relative h-element\">\n                  <!---->\n                  <!---->\n                  <div class=\"\">\n                    <p>L\u2019adolescenza \u00e8 una fase delicata della vita, in cui ci si confronta con molteplici cambiamenti fisici, mentali e relazionali. Si tratta di una trasformazione a tal punto rapida da poterla paragonare a quella che avviene nei primi\n                      anni di vita di un neonato. Le emozioni vengono vissute in maniera particolarmente intensa e cambiano inevitabilmente anche le dinamiche relazionali con i genitori.<\/p>\n                    <p>Con gli avvenimenti degli ultimi anni &#8211; il COVID-19 e l\u2019esperienza della didattica a distanza \u2013 la sensazione di smarrimento, gi\u00e0 fisiologica in questa fase, si \u00e8 acuita. \u00c8 sempre pi\u00f9 frequente il bisogno di ricorrere ad un sostegno\n                      psicologico, che faciliti il passaggio dall\u2019et\u00e0 infantile a quella adulta e che, contemporaneamente, supporti i genitori nella scoperta di una genitorialit\u00e0 diversa.<\/p>\n                  <\/div>\n                <\/div>\n              <\/div>\n            <\/div>\n          <\/div>\n        <\/div>\n      <\/div>\n    <\/div>\n  <\/div>\n<\/div>","protected":false},"excerpt":{"rendered":"<p>Dott.ssa Ilaria Barbarino Il&nbsp;disagio in et\u00e0 adolescenziale L\u2019adolescenza \u00e8 una fase delicata della vita, in cui ci si confronta con molteplici cambiamenti fisici, mentali e relazionali. Si tratta di una trasformazione a tal punto rapida da poterla paragonare a quella che avviene nei primi anni di vita di un neonato. Le emozioni vengono vissute in [&hellip;]<\/p>\n","protected":false},"author":1,"featured_media":0,"parent":0,"menu_order":0,"comment_status":"closed","ping_status":"closed","template":"page-templates\/full-width-page.php","meta":{"om_disable_all_campaigns":false,"_monsterinsights_skip_tracking":false,"_monsterinsights_sitenote_active":false,"_monsterinsights_sitenote_note":"","_monsterinsights_sitenote_category":0,"footnotes":""},"class_list":["post-165","page","type-page","status-publish","hentry"],"aioseo_notices":[],"_links":{"self":[{"href":"https:\/\/studiopsicologiabarbarino.it\/index.php\/wp-json\/wp\/v2\/pages\/165","targetHints":{"allow":["GET"]}}],"collection":[{"href":"https:\/\/studiopsicologiabarbarino.it\/index.php\/wp-json\/wp\/v2\/pages"}],"about":[{"href":"https:\/\/studiopsicologiabarbarino.it\/index.php\/wp-json\/wp\/v2\/types\/page"}],"author":[{"embeddable":true,"href":"https:\/\/studiopsicologiabarbarino.it\/index.php\/wp-json\/wp\/v2\/users\/1"}],"replies":[{"embeddable":true,"href":"https:\/\/studiopsicologiabarbarino.it\/index.php\/wp-json\/wp\/v2\/comments?post=165"}],"version-history":[{"count":3,"href":"https:\/\/studiopsicologiabarbarino.it\/index.php\/wp-json\/wp\/v2\/pages\/165\/revisions"}],"predecessor-version":[{"id":403,"href":"https:\/\/studiopsicologiabarbarino.it\/index.php\/wp-json\/wp\/v2\/pages\/165\/revisions\/403"}],"wp:attachment":[{"href":"https:\/\/studiopsicologiabarbarino.it\/index.php\/wp-json\/wp\/v2\/media?parent=165"}],"curies":[{"name":"wp","href":"https:\/\/api.w.org\/{rel}","templated":true}]}}